881
What are the prime factors of 89763175?
5, 89, 40343
List the prime factors of 1188787715.
5, 211, 853, 1321
List the prime factors of 2171137786.
2, 661, 1642313
What are the prime factors of 52813963?
647, 81629
What are the prime factors of 22012469?
19, 1158551
List the prime factors of 2532811718.
2, 1266405859
List the prime factors of 744250712.
2, 93031339
What are the prime factors of 55837359?
3, 6204151
List the prime factors of 80201901.
3, 13, 2056459
What are the prime factors of 26675024?
2, 1667189
What are the prime factors of 773740038?
2, 3, 47, 2743759
What are the prime factors of 234805043?
11, 61, 349933
List the prime factors of 164415602.
2, 13, 17, 371981
What are the prime factors of 112774179?
3, 7, 277, 19387
List the prime factors of 81282525.
3, 5, 17, 37, 1723
What are the prime factors of 179757486?
2, 3, 29, 344363
What are the prime factors of 3020911?
3020911
List the prime factors of 285774082.
2, 11, 3169, 4099
What are the prime factors of 1094059928?
2, 13, 10519807
List the prime factors of 1013398761.
3, 919, 367573
List the prime factors of 6895644453.
3, 37, 1151, 1999
List the prime factors of 2864483596.
2, 13, 839, 65657
What are the prime factors of 262086807?
3, 17, 5138957
List the prime factors of 430591495.
5, 86118299
List the prime factors of 28150722.
2, 3, 347, 4507
List the prime factors of 306543133.
13, 17, 73, 19001
List the prime factors of 103668995.
5, 20733799
What are the prime factors of 173910991?
101, 1721891
List the prime factors of 173946821.
173946821
What are the prime factors of 128684340?
2, 3, 5, 19, 191, 197
What are the prime factors of 224960281?
7, 13, 2472091
What are the prime factors of 5800760766?
2, 3, 37, 313, 27827
List the prime factors of 12832828.
2, 19, 8887
List the prime factors of 9765856.
2, 61, 5003
What are the prime factors of 929834473?
563, 1651571
List the prime factors of 302102569.
859, 351691
List the prime factors of 791337970.
2, 5, 79133797
What are the prime factors of 65432729?
29, 809, 2789
List the prime factors of 766836572.
2, 191709143
List the prime factors of 69447491.
719, 96589
What are the prime factors of 1618631398?
2, 809315699
What are the prime factors of 689986825?
5, 11, 107, 131, 179
List the prime factors of 597159511.
13, 23, 1997189
List the prime factors of 402392783.
13, 61, 507431
What are the prime factors of 701995163?
241, 1493, 1951
What are the prime factors of 17203612?
2, 29, 43, 3449
List the prime factors of 3495113.
1493, 2341
What are the prime factors of 573856848?
2, 3, 19, 209743
What are the prime factors of 62320088?
2, 2129, 3659
List the prime factors of 441071443.
17, 109, 238031
What are the prime factors of 1800143765?
5, 7, 673, 76423
What are the prime factors of 765947544?
2, 3, 31914481
List the prime factors of 70658355.
3, 5, 29, 127, 1279
What are the prime factors of 57442022?
2, 11, 2611001
What are the prime factors of 42038687?
23, 179, 10211
List the prime factors of 305885981.
17, 439, 2411
List the prime factors of 3186839078.
2, 1593419539
List the prime factors of 2024771208.
2, 3, 84365467
What are the prime factors of 3003963416?
2, 375495427
What are the prime factors of 3700239996?
2, 3, 41, 127, 59219
List the prime factors of 116408128.
2, 103, 17659
What are the prime factors of 642854802?
2, 3, 107142467
What are the prime factors of 1158834054?
2, 3, 7, 19, 191, 7603
What are the prime factors of 277664058?
2, 3, 7, 37, 19853
What are the prime factors of 31061144?
2, 3882643
What are the prime factors of 12791770?
2, 5, 1279177
What are the prime factors of 6835063950?
2, 3, 5, 11, 13, 106217
List the prime factors of 456856400.
2, 5, 7, 11, 13, 163
What are the prime factors of 542078721?
3, 19, 3170051
What are the prime factors of 25245315?
3, 5, 31, 18097
What are the prime factors of 107998064?
2, 23, 293473
List the prime factors of 7910632898.
2, 7, 101, 5594507
What are the prime factors of 348980528?
2, 13, 1677791
List the prime factors of 690290416.
2, 83, 519797
What are the prime factors of 630220685?
5, 17, 43, 172427
List the prime factors of 90509292.
2, 3, 17, 49297
What are the prime factors of 37253577?
3, 12417859
What are the prime factors of 2160911010?
2, 3, 5, 47, 107, 14323
List the prime factors of 12283414.
2, 11, 13, 29, 1481
List the prime factors of 1857655810.
2, 5, 185765581
What are the prime factors of 3279853705?
5, 23, 3037, 9391
What are the prime factors of 561491872?
2, 37, 97, 4889
What are the prime factors of 39622295?
5, 907, 8737
List the prime factors of 336264915.
3, 5, 7, 3202523
What are the prime factors of 363662229?
3, 7, 17317249
List the prime factors of 62434174.
2, 11, 79, 35923
What are the prime factors of 76242184?
2, 9530273
List the prime factors of 1723254091.
13, 211, 647, 971
What are the prime factors of 137035977?
3, 13, 199, 17657
What are the prime factors of 585988387?
61, 2069, 4643
List the prime factors of 1917129877.
13, 37, 3985717
What are the prime factors of 50884393?
7, 21193
List the prime factors of 6453110846.
2, 7, 13, 31, 1143763
What are the prime factors of 427254118?
2, 23, 383, 24251
List the prime factors of 63874525.
5, 11, 13, 17, 1051
List the prime factors of 233513287.
7, 19, 1755739
List the prime factors of 77623150.
2, 5, 11, 107, 1319
What are the prime factors of 29797642?
2, 7, 2128403
List the prime factors of 1848241481.
401, 4609081
List the prime factors of 40450941.
3, 1129, 1327
List the prime factors of 121183102.
2, 19, 3189029
What are the prime factors of 51770046?
2, 3, 29, 113, 2633
List the prime factors of 276621696.
2, 3, 13, 47, 131
What are the prime factors of 4188514056?
2, 3, 174521419
List the prime factors of 56622823.
61, 127, 7309
What are the prime factors of 667162648?
2, 83395331
What are the prime factors of 7119547?
19, 374713
List the prime factors of 120236623.
13, 9248971
List the prime factors of 50199394.
2, 7, 3585671
What are the prime factors of 146741849?
47, 211, 14797
List the prime factors of 279094978.
2, 139547489
What are the prime factors of 1415366058?
2, 3, 235894343
List the prime factors of 42142531.
67, 628993
What are the prime factors of 50975705?
5, 11, 23, 59, 683
What are the prime factors of 204392486?
2, 31, 53, 62201
What are the prime factors of 13889192?
2, 1736149
List the prime factors of 74006798.
2, 1669, 22171
What are the prime factors of 19959503?
19959503
What are the prime factors of 3293076593?
3293076593
List the prime factors of 453546111.
3, 17, 37, 240353
What are the prime factors of 423248161?
7, 19, 3182317
List the prime factors of 1545094321.
2969, 520409
What are the prime factors of 4245365662?
2, 19, 43, 73, 35591
What are the prime factors of 331990426?
2, 61, 1193, 2281
What are the prime factors of 7578232673?
11, 688930243
What are the prime factors of 35428023?
3, 277, 1579
List the prime factors of 24633063.
3, 7, 13, 19, 1583
List the prime factors of 754633857.
3, 2027, 124097
List the prime factors of 148437885.
3, 5, 9895859
What are the prime factors of 80441362?
2, 40220681
List the prime factors of 4206878734.
2, 2103439367
List the prime factors of 2084685740.
2, 5, 9109, 11443
What are the prime factors of 166201595?
5, 7, 37, 128341
List the prime factors of 627133395.
3, 5, 7, 5972699
List the prime factors of 1516164.
2, 3, 13, 9719
What are the prime factors of 133615304?
2, 709, 23557
What are the prime factors of 1152531879?
3, 384177293
List the prime factors of 4095420329.
7, 11, 13, 371939
List the prime factors of 3008014519.
3008014519
List the prime factors of 174990143.
174990143
What are the prime factors of 1741070583?
3, 7, 23, 1201567
What are the prime factors of 18746565?
3, 5, 461, 2711
What are the prime factors of 2257915906?
2, 79, 137, 104311
List the prime factors of 959212437.
3, 17, 199, 94513
What are the prime factors of 2627483010?
2, 3, 5, 87582767
List the prime factors of 3388007968.
2, 2029, 52181
What are the prime factors of 1500466466?
2, 750233233
What are the prime factors of 47541832?
2, 13, 43, 10631
List the prime factors of 673165683.
3, 61, 67, 18301
List the prime factors of 457095211.
457095211
List the prime factors of 8